{"version":"1.0","type":"rich","width":"560px","height":"140px","title":"Der mysteri\u00f6se Schattenkader - Zur\u00fcck aus dem Urlaub nehmen wir euch die aktuellen Transferger\u00fcchte unter die Lupe \u2013 und das sind nicht wenige! Au\u00dferdem im Programm: Die Testspiele des VfB Stuttgart, die Vorw\u00fcrfe gegen Atakan Karazor, die Wahl zum \u201eGolden Boy\u201c und ein Neuzugang!","url":"https:\/\/vfbstr.de\/der-mysteriose-schattenkader\/","author_name":"STR - VfB Stuttgart Podcast - STR - VfB Stuttgart Podcast","author_url":"https:\/\/vfbstr.de","thumbnail_url":"http:\/\/vfbstr.de\/wp-content\/uploads\/2018\/09\/STRLogo2019.png","html":"<iframe width=\"560px\" height=\"140px\" src=\"https:\/\/vfbstr.de\/der-mysteriose-schattenkader\/?standalonePlayer\"><\/iframe>"}

Der mysteriöse Schattenkader - Zurück aus dem Urlaub nehmen wir euch die aktuellen Transfergerüchte unter die Lupe – und das sind nicht wenige! Außerdem im Programm: Die Testspiele des VfB Stuttgart, die Vorwürfe gegen Atakan Karazor, die Wahl zum „Golden Boy“ und ein Neuzugang!
